{"id":105,"date":"2020-05-18T20:03:16","date_gmt":"2020-05-18T18:03:16","guid":{"rendered":"http:\/\/www.dapoddy.de\/dapoddy\/datenschutzvereinbarungen\/"},"modified":"2025-11-23T14:01:08","modified_gmt":"2025-11-23T13:01:08","slug":"datenschutzvereinbarungen","status":"publish","type":"page","link":"https:\/\/www.dapoddy.de\/dapoddy\/datenschutzvereinbarungen\/","title":{"rendered":"Datenschutzvereinbarungen"},"content":{"rendered":"<h1>Datenschutzerkl\u00e4rung<\/h1><p><p>In dieser Datenschutzerkl\u00e4rung informieren wir Sie \u00fcber die Verarbeitung Ihrer personenbezogenen Daten.<\/p><p> Sofern Sie Ihre Datenschutzeinstellungen \u00e4ndern m\u00f6chten (Einwilligungen erteilen oder bereits erteilte Einwilligungen widerrufen), klicken Sie <a target=\"_blank\" href=\"#\" class=\"sp-dsgvo-show-privacy-popup\">hier<\/a> um Ihre Einstellungen zu \u00e4ndern.<\/p><h2>Verantwortlich<\/h2><p>Daniel Podlasly, ,  , Deutschland, <a href=\"mailto:info@dapoddy.de\">info@dapoddy.de<\/a>, 01709342888<\/p><h2>Hosting Provider<\/h2><h3>Alfahosting<\/h3><p><p>Wir hosten unsere Website bei unserem Auftragsverarbeiter <a target=\"_blank\" href=\"https:\/\/alfahosting.de\/\">Alfahosting<\/a>, Alfahosting GmbH, Ankerstra\u00dfe 3b, 06108 Halle (Saale), Deutschland.<\/p><p>Zum Zweck der Bereitstellung und der Auslieferung der Website werden Verbindungsdaten verarbeitet. Zum blo\u00dfen Zweck der Auslieferung und Bereitstellung der Website werden die Daten \u00fcber den Aufruf hinaus nicht gespeichert.<\/p><p>Die Rechtsgrundlage f\u00fcr die Datenverarbeitung ist das berechtigte Interesse (unbedingte technische Notwendigkeit zur Bereitstellung und Auslieferung des von Ihnen durch Ihren Aufruf ausdr\u00fccklich gew\u00fcnschten Dienstes &#8220;Website&#8221;) gem\u00e4\u00df Art. 6 Abs. 1 lit. f DSGVO.<\/p><p>Zum Betrieb der Website werden die Verbindungsdaten und weitere personenbezogenen Daten zus\u00e4tzlich im Rahmen diverser anderer Funktionen bzw. Dienste verarbeitet. Dar\u00fcber wird im Rahmen dieser Datenschutzerkl\u00e4rung bei den einzelnen Funktionen bzw. Diensten im Detail informiert.<\/p><\/p><h2>Server Log Files<\/h2><span><p>Zum Zweck der \u00dcberwachung der technischen Funktion und zur Erh\u00f6hung der Betriebssicherheit unseres Webhosts werden Verbindungsdaten verarbeitet. Die Dauer der Verarbeitung ist auf 7 Tage beschr\u00e4nkt.<\/p><p>Die Rechtsgrundlage f\u00fcr die Datenverarbeitung ist das berechtigte Interesse (unbedingte technische Notwendigkeit eines Server Log Files als grundlegende Datenbasis zur Fehleranalyse und f\u00fcr Sicherheitsma\u00dfnahmen im Rahmen des durch Ihren Aufruf ausdr\u00fccklich gew\u00fcnschten Dienstes &#8220;Website&#8221;) gem\u00e4\u00df Art. 6 Abs. 1 lit. f DSGVO.<\/p><\/span><h2>Widerspruchsrecht<\/h2><p><p>Sofern die Verarbeitung Ihrer personenbezogenen Daten auf Grundlage des berechtigten Interesses erfolgt, haben Sie das Recht gegen diese Verarbeitung zu widersprechen.<\/p><p>Sofern keine zwingenden schutzw\u00fcrdigen Gr\u00fcnde f\u00fcr die Verarbeitung unsererseits vorliegen, wird die Verarbeitung Ihrer Daten auf Basis dieser Rechtsgrundlage eingestellt.<\/p><p>Zudem haben Sie das Recht, der Verarbeitung Ihrer personenbezogenen Daten zum Zweck der Direktwerbung zu widersprechen. Im Fall des Widerspruchs werden Ihre personenbezogenen Daten nicht mehr zum Zweck der Direktwerbung verarbeitet.<\/p><p>Die Rechtm\u00e4\u00dfigkeit der bis zum Widerspruch verarbeiteten Daten wird durch den Widerspruch nicht ber\u00fchrt.<\/p><\/p><h2>Widerrufsrecht<\/h2><p><p>Sie haben das Recht eine bereits erteilte Einwilligung jederzeit zu widerrufen, indem Sie die <a target=\"_blank\" class=\"lwb-ppsp\" href=\"#\" title=\"Datenschutzeinstellungen\">Datenschutzeinstellungen<\/a> \u00e4ndern.<\/p><p>Im Fall der Einwilligung in den Erhalt elektronischer Werbung kann der Widerruf Ihrer Einwilligung durch Klick auf den Abmeldelink erfolgen. In diesem Fall wird eine Verarbeitung, sofern keine andere Rechtsgrundlage besteht, eingestellt.<\/p><p>Die Rechtm\u00e4\u00dfigkeit der bis zum Widerruf verarbeiteten Daten wird durch den Widerruf nicht ber\u00fchrt.<\/p><\/p><h2>Betroffenenrechte<\/h2><p><p>Sie haben zudem das Recht auf Auskunft, Berichtigung, L\u00f6schung und Einschr\u00e4nkung der Verarbeitung der personenbezogenen Daten.<\/p><p>Soweit die Rechtsgrundlage der Verarbeitung Ihrer personenbezogenen Daten in Ihrer Einwilligung oder in einem mit Ihnen abgeschlossenen Vertrag besteht, haben Sie \u00fcberdies das Recht auf Daten\u00fcbertragbarkeit. <\/p><p>Weiters haben Sie das Recht auf Beschwerde bei der Aufsichtsbeh\u00f6rde. N\u00e4here Informationen zu den Aufsichtsbeh\u00f6rden in der Europ\u00e4ischen Union finden Sie <a target=\"_blank\" href=\"https:\/\/ec.europa.eu\/justice\/article-29\/structure\/data-protection-authorities\/index_en.htm\" title=\"Datenschutzbeh\u00f6rden\">hier<\/a>.<\/p><\/p>\n\n\n<h3>Besucherz\u00e4hler von besucherzaehler-kostenlos.de<\/h3>\n\n<p>Diese Webseite verwendet einen externen Z\u00e4hler, um die Anzahl der Webseitenaufrufe zu erfassen. Daf\u00fcr wird ein Java-Script von einer externe Webseite geladen. Der Server von <a href=\"https:\/\/www.besucherzaehler-kostenlos.de\">besucherzaehler-kostenlos.de<\/a> speichert die IP-Adresse des Zugriffs anonymisiert und zeitlich begrenzt in einer LOG-Datei ab. Diese wird regelm\u00e4\u00dfig unwiderruflich gel\u00f6scht.<\/p>\n\n<p>Um die korrekte Funktionsweise des Z\u00e4hlers zu gew\u00e4hrleisten, speichert der Besucherz\u00e4hler zudem einen sogenannten Session-Cookie auf dem Computer des Besuchers ab. Dieser wird in der Regel vom Browser gel\u00f6scht, sobald er geschlossen wird. In diesem Cookie werden keine pers\u00f6nlichen Informationen gespeichert. Er enth\u00e4lt lediglich die Information der aufgerufenen Domain, sowie einen boolschen Tag (true\/false), um den Besucher als bereits gez\u00e4hlt zu markieren.<\/p>\n\n<p>Es werden auch dar\u00fcberhinaus keine pers\u00f6nlichen oder personenbezogenen Daten vom Besucherz\u00e4hler erhoben. Eine Nachverfolgung oder Zuordnung der Zugriffe ist zu keiner Zeit m\u00f6glich. Ein besonderer Dank geht an <a href=\"https:\/\/www.howtodocentral.com\">howtodocentral.com<\/a>, durch dessen Unterst\u00fctzung dieser kostenlose Service erst m\u00f6glich gemacht wird.<\/p>\n","protected":false},"excerpt":{"rendered":"<p>Besucherz\u00e4hler von besucherzaehler-kostenlos.de Diese Webseite verwendet einen externen Z\u00e4hler, um die Anzahl der Webseitenaufrufe zu erfassen. Daf\u00fcr wird ein Java-Script von einer externe Webseite geladen. Der Server von besucherzaehler-kostenlos.de speichert die IP-Adresse des Zugriffs anonymisiert und zeitlich begrenzt in einer LOG-Datei ab. Diese wird regelm\u00e4\u00dfig unwiderruflich gel\u00f6scht. Um die korrekte Funktionsweise des Z\u00e4hlers zu gew\u00e4hrleisten, [&hellip;]<\/p>\n","protected":false},"author":1,"featured_media":0,"parent":0,"menu_order":0,"comment_status":"closed","ping_status":"closed","template":"","meta":{"ocean_post_layout":"","ocean_both_sidebars_style":"","ocean_both_sidebars_content_width":0,"ocean_both_sidebars_sidebars_width":0,"ocean_sidebar":"","ocean_second_sidebar":"","ocean_disable_margins":"enable","ocean_add_body_class":"","ocean_shortcode_before_top_bar":"","ocean_shortcode_after_top_bar":"","ocean_shortcode_before_header":"","ocean_shortcode_after_header":"","ocean_has_shortcode":"","ocean_shortcode_after_title":"","ocean_shortcode_before_footer_widgets":"","ocean_shortcode_after_footer_widgets":"","ocean_shortcode_before_footer_bottom":"","ocean_shortcode_after_footer_bottom":"","ocean_display_top_bar":"default","ocean_display_header":"default","ocean_header_style":"","ocean_center_header_left_menu":"","ocean_custom_header_template":"","ocean_custom_logo":0,"ocean_custom_retina_logo":0,"ocean_custom_logo_max_width":0,"ocean_custom_logo_tablet_max_width":0,"ocean_custom_logo_mobile_max_width":0,"ocean_custom_logo_max_height":0,"ocean_custom_logo_tablet_max_height":0,"ocean_custom_logo_mobile_max_height":0,"ocean_header_custom_menu":"","ocean_menu_typo_font_family":"","ocean_menu_typo_font_subset":"","ocean_menu_typo_font_size":0,"ocean_menu_typo_font_size_tablet":0,"ocean_menu_typo_font_size_mobile":0,"ocean_menu_typo_font_size_unit":"px","ocean_menu_typo_font_weight":"","ocean_menu_typo_font_weight_tablet":"","ocean_menu_typo_font_weight_mobile":"","ocean_menu_typo_transform":"","ocean_menu_typo_transform_tablet":"","ocean_menu_typo_transform_mobile":"","ocean_menu_typo_line_height":0,"ocean_menu_typo_line_height_tablet":0,"ocean_menu_typo_line_height_mobile":0,"ocean_menu_typo_line_height_unit":"","ocean_menu_typo_spacing":0,"ocean_menu_typo_spacing_tablet":0,"ocean_menu_typo_spacing_mobile":0,"ocean_menu_typo_spacing_unit":"","ocean_menu_link_color":"","ocean_menu_link_color_hover":"","ocean_menu_link_color_active":"","ocean_menu_link_background":"","ocean_menu_link_hover_background":"","ocean_menu_link_active_background":"","ocean_menu_social_links_bg":"","ocean_menu_social_hover_links_bg":"","ocean_menu_social_links_color":"","ocean_menu_social_hover_links_color":"","ocean_disable_title":"default","ocean_disable_heading":"default","ocean_post_title":"","ocean_post_subheading":"","ocean_post_title_style":"","ocean_post_title_background_color":"","ocean_post_title_background":0,"ocean_post_title_bg_image_position":"","ocean_post_title_bg_image_attachment":"","ocean_post_title_bg_image_repeat":"","ocean_post_title_bg_image_size":"","ocean_post_title_height":0,"ocean_post_title_bg_overlay":0.5,"ocean_post_title_bg_overlay_color":"","ocean_disable_breadcrumbs":"default","ocean_breadcrumbs_color":"","ocean_breadcrumbs_separator_color":"","ocean_breadcrumbs_links_color":"","ocean_breadcrumbs_links_hover_color":"","ocean_display_footer_widgets":"default","ocean_display_footer_bottom":"default","ocean_custom_footer_template":"","footnotes":""},"class_list":["post-105","page","type-page","status-publish","hentry","entry"],"yoast_head":"<!-- This site is optimized with the Yoast SEO plugin v27.0 - https:\/\/yoast.com\/product\/yoast-seo-wordpress\/ -->\n<title>Datenschutzvereinbarungen - dapoddy.de<\/title>\n<meta name=\"robots\" content=\"index, follow, max-snippet:-1, max-image-preview:large, max-video-preview:-1\" \/>\n<link rel=\"canonical\" href=\"https:\/\/www.dapoddy.de\/dapoddy\/datenschutzvereinbarungen\/\" \/>\n<meta property=\"og:locale\" content=\"de_DE\" \/>\n<meta property=\"og:type\" content=\"article\" \/>\n<meta property=\"og:title\" content=\"Datenschutzvereinbarungen - dapoddy.de\" \/>\n<meta property=\"og:description\" content=\"Besucherz\u00e4hler von besucherzaehler-kostenlos.de Diese Webseite verwendet einen externen Z\u00e4hler, um die Anzahl der Webseitenaufrufe zu erfassen. Daf\u00fcr wird ein Java-Script von einer externe Webseite geladen. Der Server von besucherzaehler-kostenlos.de speichert die IP-Adresse des Zugriffs anonymisiert und zeitlich begrenzt in einer LOG-Datei ab. Diese wird regelm\u00e4\u00dfig unwiderruflich gel\u00f6scht. Um die korrekte Funktionsweise des Z\u00e4hlers zu gew\u00e4hrleisten, [&hellip;]\" \/>\n<meta property=\"og:url\" content=\"https:\/\/www.dapoddy.de\/dapoddy\/datenschutzvereinbarungen\/\" \/>\n<meta property=\"og:site_name\" content=\"dapoddy.de\" \/>\n<meta property=\"article:modified_time\" content=\"2025-11-23T13:01:08+00:00\" \/>\n<meta name=\"twitter:card\" content=\"summary_large_image\" \/>\n<meta name=\"twitter:label1\" content=\"Gesch\u00e4tzte Lesezeit\" \/>\n\t<meta name=\"twitter:data1\" content=\"1\u00a0Minute\" \/>\n<script type=\"application\/ld+json\" class=\"yoast-schema-graph\">{\"@context\":\"https:\/\/schema.org\",\"@graph\":[{\"@type\":\"WebPage\",\"@id\":\"https:\/\/www.dapoddy.de\/dapoddy\/datenschutzvereinbarungen\/\",\"url\":\"https:\/\/www.dapoddy.de\/dapoddy\/datenschutzvereinbarungen\/\",\"name\":\"Datenschutzvereinbarungen - dapoddy.de\",\"isPartOf\":{\"@id\":\"https:\/\/www.dapoddy.de\/dapoddy\/#website\"},\"datePublished\":\"2020-05-18T18:03:16+00:00\",\"dateModified\":\"2025-11-23T13:01:08+00:00\",\"breadcrumb\":{\"@id\":\"https:\/\/www.dapoddy.de\/dapoddy\/datenschutzvereinbarungen\/#breadcrumb\"},\"inLanguage\":\"de\",\"potentialAction\":[{\"@type\":\"ReadAction\",\"target\":[\"https:\/\/www.dapoddy.de\/dapoddy\/datenschutzvereinbarungen\/\"]}]},{\"@type\":\"BreadcrumbList\",\"@id\":\"https:\/\/www.dapoddy.de\/dapoddy\/datenschutzvereinbarungen\/#breadcrumb\",\"itemListElement\":[{\"@type\":\"ListItem\",\"position\":1,\"name\":\"Start\",\"item\":\"https:\/\/www.dapoddy.de\/dapoddy\/\"},{\"@type\":\"ListItem\",\"position\":2,\"name\":\"Datenschutzvereinbarungen\"}]},{\"@type\":\"WebSite\",\"@id\":\"https:\/\/www.dapoddy.de\/dapoddy\/#website\",\"url\":\"https:\/\/www.dapoddy.de\/dapoddy\/\",\"name\":\"dapoddy.de\",\"description\":\"Herzlich willkommen auf der Internetseite von Daniel Podlasly\",\"publisher\":{\"@id\":\"https:\/\/www.dapoddy.de\/dapoddy\/#\/schema\/person\/56521fb7247a00ca681c1f8849920eda\"},\"potentialAction\":[{\"@type\":\"SearchAction\",\"target\":{\"@type\":\"EntryPoint\",\"urlTemplate\":\"https:\/\/www.dapoddy.de\/dapoddy\/?s={search_term_string}\"},\"query-input\":{\"@type\":\"PropertyValueSpecification\",\"valueRequired\":true,\"valueName\":\"search_term_string\"}}],\"inLanguage\":\"de\"},{\"@type\":[\"Person\",\"Organization\"],\"@id\":\"https:\/\/www.dapoddy.de\/dapoddy\/#\/schema\/person\/56521fb7247a00ca681c1f8849920eda\",\"name\":\"Daniel Podlasly\",\"image\":{\"@type\":\"ImageObject\",\"inLanguage\":\"de\",\"@id\":\"https:\/\/www.dapoddy.de\/dapoddy\/#\/schema\/person\/image\/\",\"url\":\"https:\/\/secure.gravatar.com\/avatar\/d393dbd9f8a0618b72bb1505d16dcc84851935cfa17686be49263498b16687b6?s=96&d=blank&r=g\",\"contentUrl\":\"https:\/\/secure.gravatar.com\/avatar\/d393dbd9f8a0618b72bb1505d16dcc84851935cfa17686be49263498b16687b6?s=96&d=blank&r=g\",\"caption\":\"Daniel Podlasly\"},\"logo\":{\"@id\":\"https:\/\/www.dapoddy.de\/dapoddy\/#\/schema\/person\/image\/\"},\"description\":\"Ich bin der Webmaster dieser Internetpr\u00e4senz. Schreibt bitte Kommentare zu den Blogs\",\"sameAs\":[\"https:\/\/www.dapoddy.de\"]}]}<\/script>\n<!-- \/ Yoast SEO plugin. -->","yoast_head_json":{"title":"Datenschutzvereinbarungen - dapoddy.de","robots":{"index":"index","follow":"follow","max-snippet":"max-snippet:-1","max-image-preview":"max-image-preview:large","max-video-preview":"max-video-preview:-1"},"canonical":"https:\/\/www.dapoddy.de\/dapoddy\/datenschutzvereinbarungen\/","og_locale":"de_DE","og_type":"article","og_title":"Datenschutzvereinbarungen - dapoddy.de","og_description":"Besucherz\u00e4hler von besucherzaehler-kostenlos.de Diese Webseite verwendet einen externen Z\u00e4hler, um die Anzahl der Webseitenaufrufe zu erfassen. Daf\u00fcr wird ein Java-Script von einer externe Webseite geladen. Der Server von besucherzaehler-kostenlos.de speichert die IP-Adresse des Zugriffs anonymisiert und zeitlich begrenzt in einer LOG-Datei ab. Diese wird regelm\u00e4\u00dfig unwiderruflich gel\u00f6scht. Um die korrekte Funktionsweise des Z\u00e4hlers zu gew\u00e4hrleisten, [&hellip;]","og_url":"https:\/\/www.dapoddy.de\/dapoddy\/datenschutzvereinbarungen\/","og_site_name":"dapoddy.de","article_modified_time":"2025-11-23T13:01:08+00:00","twitter_card":"summary_large_image","twitter_misc":{"Gesch\u00e4tzte Lesezeit":"1\u00a0Minute"},"schema":{"@context":"https:\/\/schema.org","@graph":[{"@type":"WebPage","@id":"https:\/\/www.dapoddy.de\/dapoddy\/datenschutzvereinbarungen\/","url":"https:\/\/www.dapoddy.de\/dapoddy\/datenschutzvereinbarungen\/","name":"Datenschutzvereinbarungen - dapoddy.de","isPartOf":{"@id":"https:\/\/www.dapoddy.de\/dapoddy\/#website"},"datePublished":"2020-05-18T18:03:16+00:00","dateModified":"2025-11-23T13:01:08+00:00","breadcrumb":{"@id":"https:\/\/www.dapoddy.de\/dapoddy\/datenschutzvereinbarungen\/#breadcrumb"},"inLanguage":"de","potentialAction":[{"@type":"ReadAction","target":["https:\/\/www.dapoddy.de\/dapoddy\/datenschutzvereinbarungen\/"]}]},{"@type":"BreadcrumbList","@id":"https:\/\/www.dapoddy.de\/dapoddy\/datenschutzvereinbarungen\/#breadcrumb","itemListElement":[{"@type":"ListItem","position":1,"name":"Start","item":"https:\/\/www.dapoddy.de\/dapoddy\/"},{"@type":"ListItem","position":2,"name":"Datenschutzvereinbarungen"}]},{"@type":"WebSite","@id":"https:\/\/www.dapoddy.de\/dapoddy\/#website","url":"https:\/\/www.dapoddy.de\/dapoddy\/","name":"dapoddy.de","description":"Herzlich willkommen auf der Internetseite von Daniel Podlasly","publisher":{"@id":"https:\/\/www.dapoddy.de\/dapoddy\/#\/schema\/person\/56521fb7247a00ca681c1f8849920eda"},"potentialAction":[{"@type":"SearchAction","target":{"@type":"EntryPoint","urlTemplate":"https:\/\/www.dapoddy.de\/dapoddy\/?s={search_term_string}"},"query-input":{"@type":"PropertyValueSpecification","valueRequired":true,"valueName":"search_term_string"}}],"inLanguage":"de"},{"@type":["Person","Organization"],"@id":"https:\/\/www.dapoddy.de\/dapoddy\/#\/schema\/person\/56521fb7247a00ca681c1f8849920eda","name":"Daniel Podlasly","image":{"@type":"ImageObject","inLanguage":"de","@id":"https:\/\/www.dapoddy.de\/dapoddy\/#\/schema\/person\/image\/","url":"https:\/\/secure.gravatar.com\/avatar\/d393dbd9f8a0618b72bb1505d16dcc84851935cfa17686be49263498b16687b6?s=96&d=blank&r=g","contentUrl":"https:\/\/secure.gravatar.com\/avatar\/d393dbd9f8a0618b72bb1505d16dcc84851935cfa17686be49263498b16687b6?s=96&d=blank&r=g","caption":"Daniel Podlasly"},"logo":{"@id":"https:\/\/www.dapoddy.de\/dapoddy\/#\/schema\/person\/image\/"},"description":"Ich bin der Webmaster dieser Internetpr\u00e4senz. Schreibt bitte Kommentare zu den Blogs","sameAs":["https:\/\/www.dapoddy.de"]}]}},"jetpack_sharing_enabled":true,"_links":{"self":[{"href":"https:\/\/www.dapoddy.de\/dapoddy\/wp-json\/wp\/v2\/pages\/105","targetHints":{"allow":["GET"]}}],"collection":[{"href":"https:\/\/www.dapoddy.de\/dapoddy\/wp-json\/wp\/v2\/pages"}],"about":[{"href":"https:\/\/www.dapoddy.de\/dapoddy\/wp-json\/wp\/v2\/types\/page"}],"author":[{"embeddable":true,"href":"https:\/\/www.dapoddy.de\/dapoddy\/wp-json\/wp\/v2\/users\/1"}],"replies":[{"embeddable":true,"href":"https:\/\/www.dapoddy.de\/dapoddy\/wp-json\/wp\/v2\/comments?post=105"}],"version-history":[{"count":1,"href":"https:\/\/www.dapoddy.de\/dapoddy\/wp-json\/wp\/v2\/pages\/105\/revisions"}],"predecessor-version":[{"id":1601,"href":"https:\/\/www.dapoddy.de\/dapoddy\/wp-json\/wp\/v2\/pages\/105\/revisions\/1601"}],"wp:attachment":[{"href":"https:\/\/www.dapoddy.de\/dapoddy\/wp-json\/wp\/v2\/media?parent=105"}],"curies":[{"name":"wp","href":"https:\/\/api.w.org\/{rel}","templated":true}]}}